 factors of 18410?
2, 5, 7, 263
What are the prime factors of 164?
2, 41
List the prime factors of 7954.
2, 41, 97
What are the prime factors of 5279?
5279
What are the prime factors of 28753?
28753
List the prime factors of 946.
2, 11, 43
What are the prime factors of 17285?
5, 3457
List the prime factors of 1740.
2, 3, 5, 29
What are the prime factors of 8635?
5, 11, 157
List the prime factors of 2471.
7, 353
List the prime factors of 26772.
2, 3, 23, 97
What are the prime factors of 27443?
13, 2111
What are the prime factors of 9466?
2, 4733
List the prime factors of 45482.
2, 22741
List the prime factors of 782.
2, 17, 23
What are the prime factors of 83263?
53, 1571
What are the prime factors of 4083?
3, 1361
List the prime factors of 26.
2, 13
What are the prime factors of 393?
3, 131
What are the prime factors of 87168?
2, 3, 227
List the prime factors of 26968.
2, 3371
What are the prime factors of 5683?
5683
List the prime factors of 8504.
2, 1063
What are the prime factors of 54370?
2, 5, 5437
List the prime factors of 6812.
2, 13, 131
List the prime factors of 654.
2, 3, 109
List the prime factors of 3306.
2, 3, 19, 29
What are the prime factors of 76586?
2, 149, 257
List the prime factors of 369.
3, 41
What are the prime factors of 6221?
6221
List the prime factors of 638.
2, 11, 29
List the prime factors of 518.
2, 7, 37
What are the prime factors of 614?
2, 307
List the prime factors of 11138.
2, 5569
List the prime factors of 41704.
2, 13, 401
List the prime factors of 1605.
3, 5, 107
What are the prime factors of 76595?
5, 15319
List the prime factors of 60798.
2, 3, 10133
What are the prime factors of 19761?
3, 7, 941
List the prime factors of 9801.
3, 11
List the prime factors of 6384.
2, 3, 7, 19
What are the prime factors of 6524?
2, 7, 233
What are the prime factors of 8817?
3, 2939
What are the prime factors of 17492?
2, 4373
List the prime factors of 665.
5, 7, 19
List the prime factors of 4218.
2, 3, 19, 37
What are the prime factors of 3644?
2, 911
What are the prime factors of 267?
3, 89
What are the prime factors of 3673?
3673
What are the prime factors of 200?
2, 5
What are the prime factors of 3045?
3, 5, 7, 29
List the prime factors of 11329.
11329
List the prime factors of 18087.
3, 6029
What are the prime factors of 19863?
3, 2207
What are the prime factors of 1139?
17, 67
What are the prime factors of 2181?
3, 727
What are the prime factors of 13264?
2, 829
List the prime factors of 6088.
2, 761
List the prime factors of 676.
2, 13
What are the prime factors of 55551?
3, 18517
What are the prime factors of 12826?
2, 11, 53
What are the prime factors of 338?
2, 13
List the prime factors of 8648.
2, 23, 47
What are the prime factors of 42431?
151, 281
List the prime factors of 14008.
2, 17, 103
What are the prime factors of 13754?
2, 13, 23
What are the prime factors of 2584?
2, 17, 19
What are the prime factors of 3538?
2, 29, 61
List the prime factors of 4139.
4139
What are the prime factors of 117384?
2, 3, 67, 73
What are the prime factors of 21339?
3, 2371
List the prime factors of 316.
2, 79
What are the prime factors of 2990?
2, 5, 13, 23
List the prime factors of 638.
2, 11, 29
List the prime factors of 67825.
5, 2713
List the prime factors of 6423.
3, 2141
What are the prime factors of 22123?
22123
What are the prime factors of 5514?
2, 3, 919
What are the prime factors of 57215?
5, 11443
What are the prime factors of 468?
2, 3, 13
List the prime factors of 179532.
2, 3, 4987
List the prime factors of 4749.
3, 1583
What are the prime factors of 21922?
2, 97, 113
List the prime factors of 2701.
37, 73
What are the prime factors of 65347?
101, 647
What are the prime factors of 13940?
2, 5, 17, 41
List the prime factors of 2008.
2, 251
List the prime factors of 1335.
3, 5, 89
What are the prime factors of 16367?
13, 1259
List the prime factors of 144159.
3, 29, 1657
What are the prime factors of 129329?
23, 5623
List the prime factors of 119.
7, 17
What are the prime factors of 317?
317
List the prime factors of 17780.
2, 5, 7, 127
List the prime factors of 84827.
84827
What are the prime factors of 5564?
2, 13, 107
What are the prime factors of 1207?
17, 71
What are the prime factors of 19957?
7, 2851
What are the prime factors of 10706?
2, 53, 101
What are the prime factors of 1007?
19, 53
What are the prime factors of 874?
2, 19, 23
What are the prime factors of 27115?
5, 11, 17, 29
What are the prime factors of 3917?
3917
List the prime factors of 7422.
2, 3, 1237
List the prime factors of 463.
463
What are the prime factors of 7239?
3, 19, 127
What are the prime factors of 4464?
2, 3, 31
List the prime factors of 680.
2, 5, 17
List the prime factors of 3250.
2, 5, 13
List the prime factors of 97917.
3, 127, 257
What are the prime factors of 740?
2, 5, 37
List the prime factors of 8335.
5, 1667
What are the prime factors of 3692?
2, 13, 71
What are the prime factors of 35619?
3, 31, 383
What are the prime factors of 26596?
2, 61, 109
List the prime factors of 3662.
2, 1831
What are the prime factors of 28319?
28319
What are the prime factors of 1553?
1553
What are the prime factors of 6255?
3, 5, 139
List the prime factors of 5360.
2, 5, 67
List the prime factors of 4994.
2, 11, 227
List the prime factors of 1075.
5, 43
List the prime factors of 10336.
2, 17, 19
List the prime factors of 84601.
11, 7691
List the prime factors of 64814.
2, 23, 1409
What are the prime factors of 16366?
2, 7, 167
List the prime factors of 22797.
3, 17, 149
What are the prime factors of 893?
19, 47
List the prime factors of 328.
2, 41
What are the prime factors of 1368?
2, 3, 19
List the prime factors of 3671.
3671
What are the prime factors of 277?
277
List the prime factors of 7736.
2, 967
What are the prime factors of 5759?
13, 443
What are the prime factors of 13770?
2, 3, 5, 17
What are the prime factors of 5328?
2, 3, 37
What are the prime factors of 45263?
45263
What are the prime factors of 2426?
2, 1213
List the prime factors of 14993.
11, 29, 47
List the prime factors of 89031.
3, 59, 503
List the prime factors of 21776.
2, 1361
List the prime factors of 536.
2, 67
What are the prime factors of 1300?
2, 5, 13
List the prime factors of 5436.
2, 3, 151
What are the prime factors of 21999?
3, 7333
What are the prime factors of 52524?
2, 3, 1459
List the prime factors of 34786.
2, 17393
List the prime factors of 75335.
5, 13, 19, 61
List the prime factors of 151694.
2, 73, 1039
List the prime factors of 152015.
5, 30403
List the prime factors of 414.
2, 3, 23
List the prime factors of 1133.
11, 103
What are the prime factors of 3083?
3083
List the prime factors of 57532.
2, 19, 757
What are the prime factors of 1236?
2, 3, 103
List the prime factors of 34067.
11, 19, 163
List the prime factors of 25282.
2, 12641
List the prime factors of 7680.
2, 3, 5
List the prime factors of 51113.
79, 647
What are the prime factors of 121008?
2, 3, 2521
What are the prime factors of 5383?
7, 769
What are the prime factors of 1092?
2, 3, 7, 13
What are the prime factors of 170342?
2, 53, 1607
What are the prime factors of 5135?
5, 13, 79
List the prime factors of 579.
3, 193
What are the prime factors of 24100?
2, 5, 241
What are the prime factors of 11310?
2, 3, 5, 13, 29
List the prime factors of 29859.
3, 37, 269
List the prime factors of 29903.
17, 1759
List the prime factors of 222.
2, 3, 37
List the prime factors of 1343.
17, 79
List the prime factors of 29153.
29153
List the prime factors of 26943.
3, 7, 1283
What are the prime factors of 750?
2, 3, 5
What are the prime factors of 3889?
3889
List the prime factors of 6363.
3, 7, 101
What are the prime factors of 11713?
13, 17, 53
List the prime factors of 25351.
101, 251
What are the prime factors of 2692?
2, 673
What are the prime factors of 314?
2, 157
What are the prime factors of 1636?
2, 409
List the prime factors of 10742.
2, 41, 131
List the prime factors of 994.
2, 7, 71
What are the prime factors of 110671?
11, 10061
List the prime factors of 86061.
3, 28687
List the prime factors of 4520.
2, 5, 113
List the prime factors of 1077.
3, 359
List the prime factors of 78026.
2, 13, 3001
What are the prime factors of 4414?
2, 2207
List the prime factors of 5265.
3, 5,